31008055?
1
What is the hundred millions digit of 1307845158?
3
What is the thousands digit of 39277722?
7
What is the hundred thousands digit of 3555822928?
8
What is the units digit of 432966578?
8
What is the thousands digit of 49227441?
7
What is the hundreds digit of 296983647?
6
What is the ten thousands digit of 87786132?
8
What is the tens digit of 1039684177?
7
What is the thousands digit of 14686382?
6
What is the thousands digit of 1834330223?
0
What is the ten thousands digit of 242761325?
6
What is the millions digit of 343420105?
3
What is the tens digit of 32801065?
6
What is the ten thousands digit of 28342967?
4
What is the ten thousands digit of 456986805?
8
What is the millions digit of 1389025807?
9
What is the tens digit of 4677917119?
1
What is the units digit of 598709405?
5
What is the units digit of 2969446?
6
What is the hundred thousands digit of 1691448272?
4
What is the ten millions digit of 581825338?
8
What is the hundred millions digit of 133772068?
1
What is the units digit of 214873307?
7
What is the ten millions digit of 32861686?
3
What is the tens digit of 80719383?
8
What is the ten thousands digit of 42659758?
5
What is the hundred thousands digit of 474252973?
2
What is the hundreds digit of 5519055?
0
What is the hundred thousands digit of 111791662?
7
What is the tens digit of 307831360?
6
What is the billions digit of 1921535980?
1
What is the thousands digit of 7452897262?
7
What is the hundred thousands digit of 176856618?
8
What is the hundred millions digit of 920874232?
9
What is the hundreds digit of 148931685?
6
What is the ten millions digit of 452920718?
5
What is the tens digit of 922041430?
3
What is the hundred thousands digit of 50474233?
4
What is the thousands digit of 163628050?
8
What is the thousands digit of 523756556?
6
What is the ten thousands digit of 32979494?
7
What is the ten millions digit of 325061157?
2
What is the ten thousands digit of 90470527?
7
What is the hundreds digit of 6658892635?
6
What is the tens digit of 153872556?
5
What is the hundred thousands digit of 12897421?
8
What is the thousands digit of 1754564210?
4
What is the hundred thousands digit of 98715849?
7
What is the hundreds digit of 2371691050?
0
What is the tens digit of 125078757?
5
What is the thousands digit of 58272395?
2
What is the units digit of 158974952?
2
What is the hundreds digit of 439063493?
4
What is the ten thousands digit of 3139800757?
0
What is the millions digit of 271872357?
1
What is the hundred thousands digit of 2730500620?
5
What is the hundred thousands digit of 25059270?
0
What is the hundreds digit of 2158082793?
7
What is the ten thousands digit of 126086243?
8
What is the hundred thousands digit of 1332999457?
9
What is the units digit of 235863265?
5
What is the hundreds digit of 651104615?
6
What is the ten millions digit of 2691267097?
9
What is the hundred thousands digit of 184224678?
2
What is the units digit of 121464594?
4
What is the ten thousands digit of 3021616933?
1
What is the thousands digit of 12983926?
3
What is the hundred thousands digit of 969891934?
8
What is the thousands digit of 33357262?
7
What is the ten thousands digit of 157261526?
6
What is the millions digit of 23563154?
3
What is the millions digit of 243951074?
3
What is the hundred millions digit of 1568442127?
5
What is the hundreds digit of 50290617?
6
What is the thousands digit of 87164086?
4
What is the ten millions digit of 1062193678?
6
What is the thousands digit of 2279824259?
4
What is the units digit of 149286006?
6
What is the hundred thousands digit of 526449867?
4
What is the hundreds digit of 50799310?
3
What is the billions digit of 1135616910?
1
What is the hundred millions digit of 1410597985?
4
What is the hundred thousands digit of 95417146?
4
What is the ten millions digit of 176716716?
7
What is the tens digit of 44597576?
7
What is the hundred thousands digit of 1790617388?
6
What is the ten thousands digit of 272494969?
9
What is the hundred thousands digit of 5985136091?
1
What is the units digit of 148547943?
3
What is the millions digit of 167031350?
7
What is the units digit of 688577305?
5
What is the hundred thousands digit of 421643277?
6
What is the hundred thousands digit of 616307484?
3
What is the hundred thousands digit of 240889349?
8
What is the millions digit of 1728829333?
8
What is the millions digit of 2103642320?
3
What is the hundred thousands digit of 699423506?
4
What is the millions digit of 1169587595?
9
What is the millions digit of 30646196?
0
What is the hundred millions digit of 2908509084?
9
What is the millions digit of 2863211365?
3
What is the ten thousands digit of 82017865?
1
What is the ten millions digit of 700448330?
0
What is the millions digit of 53699915?
3
What is the billions digit of 4000896647?
4
What is the thousands digit of 520709978?
9
What is the millions digit of 615352492?
5
What is the ten millions digit of 1281361782?
8
What is the hundred thousands digit of 1728463617?
4
What is the hundreds digit of 79203264?
2
What is the units digit of 369274363?
3
What is the hundreds digit of 2360975076?
0
What is the millions digit of 186341078?
6
What is the thousands digit of 2399237?
9
What is the hundred millions digit of 430298516?
4
What is the thousands digit of 5893678280?
8
What is the ten thousands digit of 47789781?
8
What is the hundred thousands digit of 32727871?
7
What is the hundreds digit of 40393528?
5
What is the hundred millions digit of 3476932154?
4
What is the units digit of 73330539?
9
What is the hundreds digit of 20871522?
5
What is the ten millions digit of 56811991?
5
What is the ten thousands digit of 1332952149?
5
What is the tens digit of 26322215?
1
What is the hundred millions digit of 572546073?
5
What is the millions digit of 124611823?
4
What is the units digit of 806769046?
6
What is the thousands digit of 17357463?
7
What is the ten millions digit of 319724587?
1
What is the hundred thousands digit of 120999530?
9
What is the thousands digit of 2105098150?
8
What is the ten thousands digit of 145076248?
7
What is the hundreds digit of 66484803?
8
What is the units digit of 868455336?
6
What is the thousands digit of 28991437?
1
What is the thousands digit of 252485020?
5
What is the thousands digit of 170188953?
8
What is the millions digit of 3320234392?
0
What is the units digit of 1793683814?
4
What is the units digit of 71531521?
1
What is the hundred thousands digit of 3356055?
3
What is the units digit of 84644527?
7
What is the millions digit of 47596064?
7
What is the hundred millions digit of 478380118?
4
What is the tens digit of 120037286?
8
What is the millions digit of 7451439709?
1
What is the units digit of 28488382?
2
What is the millions digit of 536355826?
6
What is the millions digit of 887882043?
7
What is the ten thousands digit of 460149162?
4
What is the millions digit of 254494812?
4
What is the hundred thousands digit of 46540850?
5
What is the millions digit of 71294407?
1
What is the hundred thousands digit of 96701438?
7
What is the tens digit of 149387768?
6
What is the ten millions digit of 198813813?
9
What is the hundreds digit of 42719845?
8
What is the tens digit of 874039232?
3
What is the units digit of 39246071?
1
What is the hundreds digit of 47587103?
1
What is the hundreds digit of 1925704860?
8
What is the units digit of 5167905491?
1
What is the hundred millions digit of 532316011?
5
What is the hundred thousands digit of 2368315067?
3
What is the hundreds digit of 258699705?
7
What is the units digit of 74818417?
7
What is the units digit of 384748271?
1
What is the millions digit of 227818114?
7
What is the units digit of 2222726237?
7
What is the ten millions digit of 563927294?
6
What is the millions digit of 64739028?
4
What is the units digit of 52351868?
8
What is the billions digit of 1085026153?
1
What is the hundred thousands digit of 1503638324?
6
What is the units digit of 1592629796?
6
What is the units digit of 1093168876?
6
What is the hundred millions digit of 1407789679?
4
What is the ten thousands digit of 66487137?
8
What is the thousands digit of 2448172152?
2
What is the tens digit of 198332095?
9
What is the thousands